8785090?
8
What is the ten thousands digit of 83984531?
8
What is the ten thousands digit of 73130605?
3
What is the hundreds digit of 76223665?
6
What is the billions digit of 1015980885?
1
What is the ten millions digit of 191065904?
9
What is the thousands digit of 43581748?
1
What is the hundred thousands digit of 1190956571?
9
What is the hundreds digit of 547218011?
0
What is the hundred thousands digit of 49443420?
4
What is the ten millions digit of 16461812?
1
What is the tens digit of 656153311?
1
What is the tens digit of 408633816?
1
What is the hundred millions digit of 1769997467?
7
What is the tens digit of 74567075?
7
What is the ten thousands digit of 1928451565?
5
What is the hundred millions digit of 1110556405?
1
What is the thousands digit of 382812224?
2
What is the ten thousands digit of 72021876?
2
What is the hundred millions digit of 538988895?
5
What is the hundreds digit of 12857367?
3
What is the units digit of 1050149164?
4
What is the ten thousands digit of 1436813693?
1
What is the hundred millions digit of 503847131?
5
What is the hundred thousands digit of 46649353?
6
What is the thousands digit of 457725786?
5
What is the millions digit of 1184771863?
4
What is the millions digit of 3943194529?
3
What is the ten thousands digit of 397283458?
8
What is the millions digit of 1015421466?
5
What is the tens digit of 13927926?
2
What is the hundred millions digit of 137714702?
1
What is the tens digit of 17273653?
5
What is the tens digit of 199110984?
8
What is the thousands digit of 665353324?
3
What is the ten millions digit of 1995993649?
9
What is the hundred millions digit of 146054326?
1
What is the thousands digit of 174178614?
8
What is the hundreds digit of 42176879?
8
What is the ten millions digit of 1873743110?
7
What is the thousands digit of 3952373806?
3
What is the tens digit of 1211307244?
4
What is the tens digit of 194033038?
3
What is the thousands digit of 39057810?
7
What is the millions digit of 303786743?
3
What is the tens digit of 2496006760?
6
What is the units digit of 161444580?
0
What is the ten thousands digit of 2134733417?
3
What is the ten thousands digit of 590827875?
2
What is the hundreds digit of 112489724?
7
What is the millions digit of 5784064860?
4
What is the ten thousands digit of 394268994?
6
What is the units digit of 34514897?
7
What is the hundred thousands digit of 1090861293?
8
What is the hundreds digit of 818778911?
9
What is the ten thousands digit of 18356320?
5
What is the tens digit of 396714985?
8
What is the ten millions digit of 2863671856?
6
What is the tens digit of 6566369?
6
What is the units digit of 1096544?
4
What is the hundred millions digit of 424051889?
4
What is the tens digit of 590252975?
7
What is the hundreds digit of 933332012?
0
What is the ten thousands digit of 207928336?
2
What is the tens digit of 786718337?
3
What is the thousands digit of 49954329?
4
What is the units digit of 50468975?
5
What is the hundreds digit of 1637480391?
3
What is the hundred thousands digit of 652138680?
1
What is the millions digit of 3358814819?
8
What is the thousands digit of 680058080?
8
What is the ten thousands digit of 863765847?
6
What is the ten millions digit of 42138691?
4
What is the ten millions digit of 3980605996?
8
What is the millions digit of 329159682?
9
What is the ten millions digit of 19837129?
1
What is the units digit of 4798091764?
4
What is the thousands digit of 186927908?
7
What is the ten millions digit of 830899033?
3
What is the tens digit of 137414319?
1
What is the units digit of 1645349333?
3
What is the hundred millions digit of 553167132?
5
What is the ten thousands digit of 3664467783?
6
What is the tens digit of 23563481?
8
What is the hundred millions digit of 150091967?
1
What is the ten millions digit of 418697923?
1
What is the tens digit of 6138724?
2
What is the hundred thousands digit of 115128429?
1
What is the hundred millions digit of 1904566293?
9
What is the thousands digit of 560763437?
3
What is the hundred thousands digit of 273865574?
8
What is the hundred thousands digit of 1052503969?
5
What is the millions digit of 44838706?
4
What is the hundred thousands digit of 494606331?
6
What is the hundred thousands digit of 329585695?
5
What is the billions digit of 4197374521?
4
What is the millions digit of 61869709?
1
What is the tens digit of 124971333?
3
What is the hundred thousands digit of 2822465541?
4
What is the thousands digit of 3364138248?
8
What is the hundred thousands digit of 115716174?
7
What is the tens digit of 729865456?
5
What is the millions digit of 41780754?
1
What is the hundreds digit of 3494747712?
7
What is the hundreds digit of 40286310?
3
What is the thousands digit of 1328665?
8
What is the millions digit of 131322036?
1
What is the hundred thousands digit of 2420683332?
6
What is the tens digit of 2672131977?
7
What is the ten millions digit of 1593598255?
9
What is the millions digit of 131391904?
1
What is the tens digit of 1743544009?
0
What is the millions digit of 10665326?
0
What is the tens digit of 148149834?
3
What is the hundred millions digit of 576589536?
5
What is the hundreds digit of 115818457?
4
What is the hundred millions digit of 117166912?
1
What is the hundred thousands digit of 140888404?
8
What is the tens digit of 2405232583?
8
What is the thousands digit of 914448289?
8
What is the ten thousands digit of 583629593?
2
What is the millions digit of 27000820?
7
What is the units digit of 2580635566?
6
What is the ten thousands digit of 547951?
4
What is the hundred thousands digit of 3630039160?
0
What is the ten thousands digit of 99374022?
7
What is the ten thousands digit of 595874553?
7
What is the millions digit of 3656999758?
6
What is the hundred thousands digit of 27759568?
7
What is the thousands digit of 1273323250?
3
What is the millions digit of 6317965337?
7
What is the ten millions digit of 21921197?
2
What is the ten thousands digit of 2051325225?
2
What is the thousands digit of 198053892?
3
What is the ten millions digit of 138539603?
3
What is the millions digit of 286269780?
6
What is the hundred thousands digit of 836038610?
0
What is the thousands digit of 4765226939?
6
What is the hundred thousands digit of 59330554?
3
What is the hundred thousands digit of 264896086?
8
What is the ten thousands digit of 46313938?
1
What is the ten millions digit of 93109018?
9
What is the thousands digit of 102413676?
3
What is the hundreds digit of 639354280?
2
What is the thousands digit of 4261999011?
9
What is the thousands digit of 1670639547?
9
What is the units digit of 322488942?
2
What is the hundred thousands digit of 2958116?
9
What is the hundreds digit of 10950684?
6
What is the ten millions digit of 193537520?
9
What is the hundred millions digit of 520446066?
5
What is the hundred millions digit of 119507066?
1
What is the units digit of 1059428222?
2
What is the hundreds digit of 928987609?
6
What is the tens digit of 3829912?
1
What is the ten millions digit of 363164368?
6
What is the hundred thousands digit of 215437480?
4
What is the units digit of 104160043?
3
What is the hundreds digit of 1567095304?
3
What is the millions digit of 1642437235?
2
What is the thousands digit of 5479837351?
7
What is the millions digit of 340395912?
0
What is the units digit of 2589071546?
6
What is the tens digit of 2867352612?
1
What is the hundred thousands digit of 463290300?
2
What is the tens digit of 1393110050?
5
What is the ten millions digit of 336128042?
3
What is the tens digit of 740887289?
8
What is the tens digit of 20895114?
1
What is the millions digit of 1517204101?
7
What is the hundred millions digit of 981763643?
9
What is the millions digit of 1789607615?
9
What is the units digit of 56553406?
6
What is the millions digit of 922099079?
2
What is the hundreds digit of 158913644?
6
What is the hundred thousands digit of 46188040?
1
What is the hundred thousands digit of 38353856?
3
What is the ten thousands digit of 219961017?
6
What is the thousands digit of 1800757342?
7
What is the tens digit of 383836097?
9
What is the hundreds digit of 47950932?
9
What is the ten thousands digit of 1305730418?
3
What is the hundre